87 + 728. What is the highest common factor of c and i?
49
Let d be 3/2*((-330)/18 - 10)*-28. Let b(h) = h**3 - 12*h**2 + 16*h + 15. Let q be b(11). Calculate the greatest common divisor of q and d.
70
Let u be (-616)/44*((-3)/(-2))/(-1). Suppose -22*n + u*n = 0. Suppose n = -3*y + y + 96. What is the greatest common factor of 32 and y?
16
Let k = 55 - 51. Suppose 5*a + 4*l - 217 = 0, -2*a - k*l - 188 = -6*a. What is the greatest common divisor of 25 and a?
5
Suppose -18*l - 928 = -3034. Let s = l - 17. What is the highest common factor of 20 and s?
20
Suppose n = 3*k + 44, -4*n - k + 204 = -6*k. Suppose 9*x - 262 - 1367 = 0. Let w = x + -153. Calculate the highest common divisor of n and w.
28
Let u be 1/((-3)/9*1) - -36. Let j = 1 - 6. Let v = u + j. Calculate the highest common divisor of v and 7.
7
Let j be 14/12*(-48)/(-8). Suppose -4*o - c - 223 = -j*o, -2*c - 372 = -5*o. Calculate the highest common factor of o and 185.
37
Let y be (-9)/(36/(-40))*(-3)/(-6). Suppose y*w + 4*f = 1146, 5*f + 1209 - 54 = 5*w. Calculate the greatest common factor of 46 and w.
46
Suppose 30*x = -0*x - 540. Let g(s) = -s**3 - 18*s**2 + 38. Let y be g(x). Calculate the highest common factor of 38 and y.
38
Suppose 5*i = 0, 0 = -4*c - i + 2*i + 512. Let u(z) = z**3 - 52*z**2 - 169*z + 244. Let m be u(55). Calculate the greatest common divisor of c and m.
8
Let l = -3840 + 3861. Calculate the greatest common divisor of 546 and l.
21
Let r be 10/10*8/((-112)/(-770)). Let v = 120 + -249. Let j = v + 624. Calculate the highest common factor of r and j.
55
Let r(s) = -3*s + 25. Let c be r(0). Let d = 23 - c. Let u be -4 - (-1)/(d/(-80)). What is the highest common divisor of u and 90?
18
Suppose 8 = v + 3*x - 2, 2*x + 28 = 2*v. Let u = -217 + 268. Let o(z) = 2*z - 50. Let t be o(u). What is the highest common factor of v and t?
13
Let b = -6343 - -6959. Calculate the greatest common factor of b and 231.
77
Let g(o) be the second derivative of o**5/20 + 5*o**4/4 + 8*o**3/3 - 9*o**2/2 - 46*o. Let w be g(-5). What is the greatest common divisor of 46 and w?
23
Let r be (-580)/(-32) - (-2)/(-16). Let s be -4 + 23 + (-4)/1. Let l be (162/(-45))/((-6)/s). What is the greatest common factor of r and l?
9
Suppose 32 = 2*n - 8. Suppose -o + 6*o = n. Suppose -o*r - 20 = 0, -3*r + r - 25 = -3*c. What is the greatest common divisor of 15 and c?
5
Suppose 0 = -n - n + 192. Suppose -81*p = -71*p + 220. Let a be (-7336)/(-308) + (-4)/p. Calculate the greatest common factor of a and n.
24
Suppose -10*g = -5*g - 90. Suppose 60*v - 1596 = g*v. Calculate the greatest common factor of 342 and v.
38
Let d be (-30)/(-9)*(-168)/112. Let m(n) = -1 - 3*n**2 + 6*n + 3 + 7*n**2. Let f be m(d). What is the highest common factor of f and 24?
24
Suppose 0 = 3*f + 2*f - 60. Let b(w) = 2*w**2 + 57*w + 226. Let s be b(-4). What is the highest common factor of f and s?
6
Let m(v) = -v**3 - 15*v**2 + 162*v - 20. Let k be m(7). Suppose 0 = -2*r - 2*r + 108. What is the highest common factor of k and r?
9
Let v = -3625 - -4469. What is the greatest common divisor of v and 24?
4
Let h be (2 + -5)*(-5)/(0 + 5). Suppose j + h*q = 100, 4*j - q - q = 330. Calculate the greatest common factor of j and 5.
5
Let h(u) = -u**3 + 17*u**2 + 5*u - 80. Let t be h(17). Suppose -5*r = p - 5, t*r - 44 = 5*p - 189. What is the greatest common factor of p and 5?
5
Suppose 3*p + 3*a = 495, -4*p + 5*a + 183 = -3*p. Let k = p - 159. Calculate the highest common factor of k and 99.
9
Let p = -10821 - -10843. Let u be 399/6 + 1/(-2). Suppose 0 = -i + 2*i - u. What is the greatest common factor of p and i?
22
Let t(c) = 4*c - 66. Let p be t(17). Let k be 1 - p - (-112)/16. Calculate the highest common divisor of 3 and k.
3
Suppose 5*m - 579 = 271. Let n = m - 10. What is the highest common factor of n and 20?
20
Let d(u) = -3*u - 2. Suppose 2*s - 10*s = 16. Let c be d(s). Suppose 0 = -m - c*q - 17 - 1, m + 2*q = -8. Calculate the highest common factor of 32 and m.
2
Suppose 4*w + v - 25 = -2*v, -8 = -w + v. Let y(g) = 12*g**2 - 60*g - 183. Let a be y(8). Calculate the greatest common divisor of w and a.
7
Suppose -2*c - 189 = 5*p - 1131, 3*p = 4*c - 1884. Calculate the highest common divisor of 18 and c.
3
Suppose -4*a = r - 18, 0 = -4*a + 22*r - 24*r + 16. Calculate the greatest common divisor of a and 405.
5
Suppose -2*g - 75*l = -73*l - 2300, -5*g + 5*l + 5730 = 0. What is the greatest common factor of g and 28?
28
Suppose 654 - 150 = 7*r. Let c = r + -60. Suppose -c*w + 135 = -7*w. What is the greatest common factor of w and 9?
9
Let p(i) = -i**2 - 9*i + 24. Let s be p(-11). Suppose -2*d + 7*d = -s*k + 66, 38 = 3*d + 2*k. Let v = -5 - -19. What is the highest common factor of v and d?
14
Let y = 33 + -31. Suppose -n + 5*a = -0*n + 135, y*a + 135 = -n. Let o = 268 + n. Calculate the greatest common divisor of 19 and o.
19
Let m(j) = 3*j**3 - 17*j**2 - 29*j + 7. Let n be m(7). Let k be 1136/(-32)*(n + -2). Calculate the highest common divisor of 781 and k.
71
Suppose -5*u + 104 = -u. Suppose t - 3 + 0 = -3*c, -4*c + u = 5*t. Let f be ((-232)/87)/(6/(-27)). Calculate the highest common factor of f and t.
6
Let s be 18*(-6858)/(-1215)*((-140)/(-8))/7. Calculate the greatest common factor of 29083 and s.
127
Let r(h) = -8*h**3 + 2*h**2 - 6*h + 17. Let y be r(5). Let m = 999 + y. Calculate the greatest common divisor of m and 1800.
36
Let v(i) = 56*i**2 + 66*i + 1326. Let y be v(-20). What is the highest common factor of y and 34?
34
Suppose r - 131 = 3*y, -2*r + 254 = -0*y - 4*y. Suppose -1268*x = -1210*x + 6844. Let w = r + x. Calculate the greatest common divisor of 11 and w.
1
Let n(h) = 3*h**2 - h + 26. Let c be n(-6). Let t = -18 - -186. Suppose -a = 2*a - t. What is the highest common factor of c and a?
28
Let a(v) = -3*v**3 - 16*v**2 - 6*v - 4. Let f be a(-5). Let i be 20 - 10/(-15)*f*-6. Calculate the greatest common factor of 20 and i.
4
Suppose 5*u - 4*y = 1795, -160 - 1276 = -4*u - 5*y. Suppose 3*w - u + 77 = 0. Let b = -70 + w. Calculate the highest common factor of b and 60.
12
Let g be 7189 + 25/((-175)/98). What is the greatest common factor of g and 123?
41
Suppose -2*d = 2*d - j - 1445, 5*d - 5*j - 1825 = 0. Suppose -d = -4*s - 5*s. Calculate the greatest common divisor of 300 and s.
20
Suppose -2695 = 3*a + 2*a + 5*t, a + 539 = -2*t. Let o be (1/(-1 + 2))/(7/a). Let q = o - -95. What is the greatest common divisor of 54 and q?
18
Let r(s) = 64*s - 73*s - 6 - 100*s. Let o be r(-2). Suppose o - 47 = 5*m + 2*f, 0 = -2*m + 3*f + 85. Calculate the highest common divisor of m and 280.
35
Suppose 0 = 3*z - 12, -5*h - 85*z = -82*z - 54952. What is the highest common divisor of h and 164?
164
Suppose -3*x + 22*x - 7*x = 7920. What is the highest common factor of 510 and x?
30
Let w(o) = -397*o**3 + 52*o**2 + 16 + 399*o**3 - 46 - 11 - 3*o. Let j be w(-26). What is the highest common factor of 333 and j?
37
Let s(v) = v**2 - 118*v + 426. Let a be s(-24). What is the highest common divisor of 54 and a?
54
Suppose q = -v - v + 13, -1 = -2*q + v. Suppose q*t - 30 = y, 2*t - 20 = y - 2*y. Let r = 22 + t. What is the highest common divisor of r and 96?
32
Suppose -56 = -10*i + 304. Suppose -y = -0*y. Suppose y = -4*p + 3*p + 18. Calculate the highest common factor of i and p.
18
Suppose -i - 3*o = -37 - 33, i - 35 = 4*o. Suppose i*y - 58*y = -30. What is the greatest common factor of 40 and y?
10
Let a(i) = i**3 - 11*i**2 - 23*i - 7. Let t(d) = -8 - 9 - 32*d + 17*d. Let v be t(-2). Let r be a(v). What is the highest common divisor of 16 and r?
16
Let v = 10728 - 10166. What is the greatest common divisor of v and 2?
2
Suppose -18*v - 1801 = -2449. What is the highest common divisor of v and 4338?
18
Let u(w) = w**3 - 69*w**2 - 49*w - 403. Let m be u(70). What is the highest common factor of 121 and m?
11
Suppose p + 87 - 41 - 191 = 0. Calculate the highest common factor of 230 and p.
5
Suppose -3*r - 18 = -3*y, 2*y + r + 3 = -2*r. Let l = -109 - -157. Suppose -3*k = -2*b + k + 24, 4*b = -4*k + l. What is the highest common factor of b and y?
3
Suppose -a = -5*k + 23, -13 = 5*a - 3*k - 8. Suppose -2*b + 4*j + 800 = 0, 2*b = -a*b + 4*j + 1584. Calculate the highest common divisor of 168 and b.
56
Let v(c) = 3*c + 65. Let i